2 - 3*i**2 - 955*i - 8*i**2 - 8*i**2 + 6 + 947*i. Determine u(f).
-1
Let z(n) be the third derivative of n**5/60 - n**4/6 - 2*n**3/3 - 4*n**2. Let c(j) = -j**2 + 80*j + 1009. Let r be c(-11). Calculate z(r).
28
Suppose -312 = -3*i - 291. Let u(m) = 18 - 18 + i + 3*m. Give u(4).
19
Let t(j) = j**3 + 8*j**2 + j. Let g = 11926 - 11934. Determine t(g).
-8
Suppose -k + 30 = 4*k - 5*c, c - 42 = -5*k. Suppose k = j - 3*j, -3*u - 17 = 2*j. Let o(a) = a**3 + 4*a**2 + 4*a + 1. Determine o(u).
-2
Let c(d) be the third derivative of 0 + 6*d + 1/6*d**4 - 1/30*d**5 + 3*d**2 - 7/2*d**3. Let o(m) be the first derivative of c(m). What is o(3)?
-8
Suppose -5*k = -o - 19, -648*o + 3*k + 3 = -645*o. Let c(z) = -2*z**2 + 2*z + 11. What is c(o)?
-49
Let y(w) = -2*w**3 - 28*w**2 - 26*w + 3. Suppose 62 = -4*d - 2*n, -1413*n - 49 = 3*d - 1411*n. Give y(d).
3
Suppose 0 = 35*l + 692 - 832. Let r(o) = 13*o - 11. Give r(l).
41
Let d(m) = 50*m**2 - 13*m - 6. Let g(n) = -117*n**2 + 28*n + 13. Let q(v) = -7*d(v) - 3*g(v). Let i(l) = l - 13. Let j be i(8). What is q(j)?
-7
Let h(c) be the second derivative of 0 - 1/2*c**2 + 145*c - 1/6*c**3. What is h(2)?
-3
Let a(f) = f**3 + 8*f**2 + 4. Let c be a(-8). Let d be c/12*3*-1 + -1. Let p be 2*8/(-6)*(-3)/d. Let g(r) = r**3 + 3*r**2 - 4*r - 4. What is g(p)?
-4
Let h be (1/3 - 1)*60/(-8). Let f(a) = -81245 - h*a + 2*a + 81230. Determine f(-8).
9
Let c(f) = 6*f**2 + 8*f - 6. Let u(w) = -5*w**2 + 6. Let v(p) = -c(p) - u(p). Suppose q = -4*b - 5, -3*q + 3*b - 25 = 5*b. Determine v(q).
-9
Let p(t) = t**3 - 11*t**2 - 11*t - 4. Suppose 21*u - 18*u - 75 = g, -3*u - 2*g + 66 = 0. Suppose 113*m - 115*m = -u. Give p(m).
8
Let b(q) = 11*q + 2. Let d(o) = -6*o - 1. Let z(h) = 4*b(h) + 7*d(h). Suppose -1 = 54*s - 55*s + i, 5 = 5*s + 2*i. Calculate z(s).
3
Let u(p) = -803 - 767 - 798 + 2388 + p. Determine u(-6).
14
Let c(z) = -z**2 - 7*z + 61. Suppose 441*o - 714 = -6006. Determine c(o).
1
Suppose 0 = -7*v + 1083 - 1055. Let z(c) = -6*c + 39. What is z(v)?
15
Let x(g) = -6*g - 3 + 0 + 3*g**2 - 2*g**2. Let f be 3 - ((13 - 6) + -10). Give x(f).
-3
Let p(y) = -y**2 - 5*y + 6. Let h be p(5). Let z = -30 - h. Let r(j) = -5 + z*j - 26*j + 6*j + j**2. What is r(7)?
2
Let o(p) = p**3 + 5*p**2 + 1. Suppose -4*d + 11 = 3, 5*b + 26 = -2*d. Let y be (-390)/90 - 2/b*1. Calculate o(y).
17
Let c(d) = -d**2 + 7*d + 7. Let y be c(7). Suppose -20 = -2*t - 3*t, y = q + t. Let m(u) = -7*u + 2. Determine m(q).
-19
Let m = 1150 + -1146. Let b(o) = -6*o + 21. Calculate b(m).
-3
Let n(g) = g + 7. Let j(c) = -c - 12. Let h(o) = 4*j(o) + 7*n(o). Let s(x) = 5*x + 2. Let q(p) = -3*h(p) + 2*s(p). Calculate q(-5).
-4
Let b(z) = z**2 + 2*z + 3. Let w(v) = -2*v**3 - 46*v**2 - 30*v - 11. Let g(m) = -5*b(m) - w(m). Give g(-20).
-4
Let j(b) = 5*b + 26. Let p = -82 - -99. Let m(h) = -14*h - 77. Let q(u) = p*j(u) + 6*m(u). Determine q(15).
-5
Let v(k) be the second derivative of -7/6*k**3 - 4*k**2 - 1/12*k**4 - 13*k + 0. What is v(-7)?
-8
Let m(s) = 218*s**2 + 9*s - 70*s**2 - 73*s**2 - 23*s + 55 - 76*s**2. Give m(-18).
-17
Let f be 1*(-16 - -5)*23/((-1771)/42). Let a(b) = 2*b - 46. Give a(f).
-34
Suppose 3*n = -2*h, 5*h - 23 = 23*n - 19*n. Let u(i) be the third derivative of -i**4/6 - i**3/2 - 7*i**2. Determine u(h).
-15
Let v(u) = 6*u + 74. Let w be (-1 + (-44)/(-12))*135/(-36)*1. Determine v(w).
14
Let i(l) = -l**3 - l**2. Let w(o) = -4*o**3 - 6*o**2 - 4*o + 3. Let m(f) = 5*i(f) - w(f). Suppose 30 = -33*n + 48*n. Calculate m(n).
1
Let d(j) = 12*j**2 + 1 - 5*j**2 + 20*j**2. Let y = 142361 + -142360. Determine d(y).
28
Let s(b) = 22*b**2 - 23*b - 4. Let x(j) = 19*j**2 - 19*j - 3. Let r(u) = -6*s(u) + 7*x(u). What is r(-3)?
-3
Suppose -4*h + 5*a = 7, h = -118*a + 120*a - 7. Let j(z) = z**3 + 3*z**2 - 68*z - 11. Determine j(h).
3
Let j(n) = -n + 1. Let w(a) = a - 4. Let u(c) = 6*j(c) + 3*w(c). Let o = 55092 + -55099. What is u(o)?
15
Let o(l) = -127*l + 6961. Let q be o(55). Let x(m) = m**2 + 25*m + 11. Give x(q).
-13
Let n = 903 - 907. Let y(b) = -b + 1. Let k(z) = -z**3 - 4*z**2 + z - 1. Let h(a) = -k(a) - 2*y(a). Determine h(n).
-5
Let j = -34185/2 + 17093. Let x(m) be the first derivative of -4 + j*m**2 - m + 1/4*m**4 - 5/3*m**3. Calculate x(5).
4
Let k(a) = -a**2 + 4*a - 2. Let i(n) = 7*n**3 + 4*n**2 - 9*n - 15. Let q be i(-7). Let x be q/24 - 1/8. Let c = 92 + x. Calculate k(c).
2
Let w(u) be the first derivative of u**3/3 - 2*u**2 - 2*u - 1631. Determine w(0).
-2
Let p(f) = 2*f**3 + 2*f**2 + f + 1. Suppose 93 = -38*d - 21. Determine p(d).
-38
Let j(t) = t**3 - 20*t**2 - 155*t - 27. Let o be j(26). Let g(i) = -23*i**2 - 209*i + 209*i. Determine g(o).
-23
Let s(j) = -4*j**2 + 2*j - 1. Let k be s(1). Let t(m) = 41*m**2 + 6*m + 41*m**2 + 9*m - 83*m**2 - 7 - 4*m - 16*m. Calculate t(k).
-1
Let q(v) = -3*v + 9. Let g(i) = 5*i - 18. Let f(o) = -4*g(o) - 9*q(o). What is f(-1)?
-16
Let g(n) = 9*n**2 + 1. Let m(p) = -10*p**2 - 1. Suppose -10 = 4*o - 2*q, -o + 6*q + 5 = 4*q. Let d(x) = o*g(x) - 4*m(x). Give d(-1).
-6
Let s(l) = -19*l - 23. Suppose 0 = -50*y + 12*y + 228. Determine s(y).
-137
Suppose i + 4*d - 1 = 0, 2*i + 4*d - 28 + 30 = 0. Let b(x) = -7*x**2 - 26*x - 6. Calculate b(i).
9
Let k(f) = 5*f - 6*f - 2*f**2 - f. Suppose -35*z - 4 = -39*z. Suppose 5*h + z = 6*h, 2*g + 9 = 5*h. Calculate k(g).
-4
Let q be (1 + 0)/(1/1). Let u(d) = -22*d**2 - 9*d - 4. Let h(t) = -301*t**2 - 124*t - 55. Let b(p) = -4*h(p) + 55*u(p). Calculate b(q).
-5
Suppose -2*n + 76 = -i - 6*n, -n + 51 = -i. Let u = i - -59. Let s(c) = -c**3 + 2*c**2 + 2*c + 4. Determine s(u).
1
Let t(o) = -3*o**3 + 29*o**2 + 11*o - 7. Let u(q) = -40*q - 710. Let c be u(-18). Give t(c).
3
Let n be ((-207)/(-759))/((-2)/(-22)). Let l(x) = -2*x - 33 + n*x - x - 2*x + 4*x. Determine l(15).
-3
Let p(u) = 1391*u**2 - 696*u**2 - 4 - 701*u**2 + 3 - 2*u. Suppose 0 = 5*g + 5, 0 = -i - 2*g - 3*g - 7. Calculate p(i).
-21
Let h(p) = p**2 - 8*p - 7. Let j(n) = 2*n**2 + 25*n + 39. Let v(i) = 3*i**2 + 24*i + 39. Let w(m) = -5*j(m) + 4*v(m). Let f be w(16). Calculate h(f).
2
Let p = 10615 - 10651. Let x(g) = 2*g**3 + 74*g**2 + 69*g - 110. Determine x(p).
-2
Let u(j) = -16*j. Let v(t) = 0 + t**3 + 17*t + 34*t**2 - 2*t**3 - 7 - 41*t**2. Let r be v(-9). Suppose 0 = 8*y - r - 6. What is u(y)?
-16
Let a(r) = 2*r + 11. Suppose -3*o + 19 = -2*u, -74*o + 78*o = -4. Determine a(u).
-11
Let g(z) be the second derivative of z**4/6 - 5*z**3/3 + 3*z**2 + 24*z. Let i be -2 - (-1 + (10 - 18)). What is g(i)?
34
Let g(a) = 3*a**3 + 24*a**2 - 32*a + 35. Let q(n) = n**3 + 12*n**2 - 17*n + 17. Let l(j) = 2*g(j) - 5*q(j). Give l(10).
-5
Let l be (-2 - 3) + (0 - 1). Let o(h) = -38 - 904*h**2 + 10*h + 52 + 905*h**2. Give o(l).
-10
Let v(a) be the first derivative of -2*a**3/3 + 13*a**2/2 + 18*a + 2488. Determine v(8).
-6
Let m(w) = -6*w**2. Let q(l) = 73*l + 291. Let b be q(-4). Calculate m(b).
-6
Suppose r = j - 55, -225 = 5*r - 13*j + 18*j. Let h(y) = -y**3 - 47*y**2 + 149*y - 58. Calculate h(r).
-8
Let y be -2*24/15*5. Let s be y/(-5)*(-5)/(-2). Let k be (0 - 3)/(6/s). Let t(x) = x. Determine t(k).
-4
Let v be 6 - (3 + (-3)/3). Let t be ((-6)/(48/v))/(1/(-6)). Let z(y) = -4*y + 2. Let d(g) = -g - 1. Let c(x) = -2*d(x) + z(x). Determine c(t).
-2
Let j(o) = -13*o + 63. Let t(m) = 7*m - 34. Let f(a) = 6*j(a) + 11*t(a). Calculate f(-2).
6
Let s = -7300 + 7291. Let i(v) = -3*v - 26. Determine i(s).
1
Let h(i) = -5*i**3 - 6*i**2 - i - 3. Suppose 0*z - 11*z + 55 = 0. Let f(b) = 4*b**3 + 4*b**2 + b + 2. Let j(q) = z*h(q) + 6*f(q). What is j(-6)?
-9
Let x(c) be the third derivative of c**6/120 - c**5/4 - 17*c**4/24 + 11*c**3/3 + 36*c**2 + 11. Suppose -2*v + 4*g = -28, -2*v + 10 = -g - 21. Determine x(v).
6
Let q(l) be the third derivative of -l**5/5 + l**4/24 - l**3/6 + 4*l**2 - 7. Let h(v) = -v**2 + 4*v + 6. Suppose 6*f - 15 = 3*f. Let j be h(f). Determine q(j).
-12
Let y(x) be the second derivative of x**4/12 + 3*x**3/2 + 2*x**2 - x + 104. What is y(-8)?
-4
Let b(f) be the first derivative of f**3/3 - f**2/2 - 9*f - 3458. Give b(5).
11
Let y(c) = -3*c**2 + 2*c - 2. Let t(g) = -g - 12. Let a(w) = -3*w - 36. Let r(b) = 3*a(b) - 8*t(b). Let f be 28/(5 + -9 - -2). Let x be r(f). Give y(x).
-10
Let x(n) be the third derivative of 7*n**5/60 - n**3/2 - 1093*n**2. Give x(-5